vert 2378 (base 14) to base 2.
1100000100110
What is -1105 (base 7) in base 8?
-615
What is 1100001110000100 (base 2) in base 3?
2112122210
-2020032 (base 4) to base 2
-10001000001110
Convert 1816 (base 12) to base 8.
5522
Convert -12968 (base 10) to base 3.
-122210022
What is 24652 (base 12) in base 11?
34058
What is -625 (base 8) in base 13?
-252
What is 2b557 (base 12) in base 5?
3430032
Convert 121020 (base 3) to base 7.
1164
420 (base 13) to base 12
4a6
-180 (base 14) to base 4
-10310
What is -37630 (base 11) in base 13?
-1b76a
Convert -263c (base 14) to base 12.
-3a7a
Convert -1330031 (base 4) to base 11.
-5a77
What is -110322 (base 4) in base 2?
-10100111010
Convert -5380 (base 10) to base 11.
-4051
What is 1223 (base 4) in base 12?
8b
5404 (base 13) to base 9
17001
What is -201132 (base 4) in base 16?
-85e
-518 (base 10) to base 15
-248
What is 110010011 (base 3) in base 15?
293d
What is 9be2 (base 15) in base 13?
12083
15140 (base 6) to base 10
2436
Convert 1010100010000 (base 2) to base 10.
5392
Convert 120200 (base 3) to base 2.
110100111
What is 7719 (base 10) in base 15?
2449
What is 13465 (base 9) in base 11?
6951
What is -19287 (base 12) in base 11?
-25615
What is 152334 (base 6) in base 13?
698b
Convert 31031023 (base 4) to base 14.
159d9
Convert 118d (base 14) to base 6.
22105
What is 29 (base 12) in base 15?
23
Convert -1f9 (base 16) to base 8.
-771
2240 (base 10) to base 11
1757
1134324 (base 5) to base 6
242114
Convert 12320221 (base 4) to base 10.
28201
-142 (base 14) to base 5
-2004
What is -4b1 (base 14) in base 7?
-2511
-9399 (base 11) to base 16
-30a2
-440140 (base 6) to base 10
-36348
-ffb (base 16) to base 11
-308a
Convert 1a807 (base 15) to base 10.
86182
Convert 14235 (base 6) to base 9.
3075
What is 1322303 (base 5) in base 11?
18a72
Convert -313 (base 16) to base 12.
-557
Convert -13c (base 13) to base 6.
-1004
1416 (base 9) to base 6
4540
What is -10220120 (base 3) in base 16?
-b22
What is -8bac (base 15) in base 8?
-71705
16302 (base 9) to base 3
120100002
Convert 507 (base 10) to base 2.
111111011
Convert 1404020 (base 5) to base 6.
340323
What is 423 (base 9) in base 10?
345
What is 3224 (base 5) in base 16?
1b7
-20025 (base 7) to base 9
-6546
Convert -31a6 (base 13) to base 8.
-15360
Convert 3 (base 13) to base 3.
10
Convert -1010120 (base 3) to base 11.
-690
144a8 (base 11) to base 2
101000001010111
Convert 43c2 (base 16) to base 7.
101400
-3869 (base 11) to base 7
-20453
-2353 (base 6) to base 8
-1075
2e58 (base 15) to base 3
111200202
2d56 (base 16) to base 8
26526
Convert 561 (base 12) to base 9.
1071
Convert -20724 (base 8) to base 14.
-3228
-251 (base 9) to base 4
-3100
Convert 78 (base 9) to base 11.
65
1020100110 (base 3) to base 5
1234222
-2112a (base 11) to base 15
-91b1
What is -23366 (base 9) in base 8?
-36374
498d (base 14) to base 16
3241
cbb (base 16) to base 9
4421
144 (base 9) to base 8
171
-141021 (base 5) to base 4
-1122001
3004 (base 6) to base 4
22030
20bd (base 15) to base 7
26125
What is -10010010011110 (base 2) in base 12?
-5512
Convert 12322 (base 6) to base 15.
835
-248a6 (base 11) to base 2
-1000101101101010
What is -521 (base 7) in base 3?
-100122
Convert 441 (base 5) to base 12.
a1
Convert -9 (base 16) to base 13.
-9
Convert -2341000 (base 5) to base 10.
-43250
What is -6ba (base 15) in base 14?
-7ad
What is -77 (base 12) in base 10?
-91
5248 (base 10) to base 15
184d
Convert 2c53 (base 15) to base 9.
14056
6261 (base 8) to base 10
3249
What is -502 (base 11) in base 13?
-379
-1f5 (base 16) to base 5
-4001
What is -12723 (base 8) in base 16?
-15d3
Convert -30 (base 8) to base 10.
-24
-2002 (base 4) to base 3
-11211
What is -10221001 (base 3) in base 2?
-101100101111
Convert 110120 (base 6) to base 4.
2032200
d436 (base 14) to base 10
36504
b4c1 (base 13) to base 8
60650
Convert 1332 (base 6) to base 5.
2334
Convert -10313 (base 8) to base 13.
-1c59
100000101110110 (base 2) to base 7
66600
1880 (base 9) to base 15
669
What is -135a (base 11) in base 6?
-12051
-44c4 (base 14) to base 4
-2322130
Convert 40345 (base 6) to base 15.
189b
Convert -10010101100 (base 2) to base 12.
-838
What is -103a1 (base 11) in base 6?
-153551
What is -64706 (base 8) in base 6?
-325210
5114 (base 6) to base 3
1112201
-1b0b (base 14) to base 2
-1001100101111
Convert -131322 (base 6) to base 12.
-6b42
33567 (base 8) to base 12
8273
Convert -11277 (base 9) to base 16.
-1d62
3332 (base 10) to base 4
310010
What is 11311033 (base 4) in base 3?
1012202201
97 (base 14) to base 6
341
What is 11000101000 (base 2) in base 16?
628
What is 2f8 (base 16) in base 7?
2134
What is 143333 (base 6) in base 12?
7b49
-34303 (base 5) to base 9
-3325
What is 11303 (base 4) in base 12?
26b
Convert -1110 (base 2) to base 8.
-16
Convert -11323211 (base 4) to base 15.
-72e8
-1151 (base 6) to base 16
-11b
Convert -110001100001 (base 2) to base 10.
-3169
Convert -154220 (base 6) to base 16.
-3b64
What is 1010020 (base 3) in base 15?
396
What is 1513 (base 13) in base 5?
44213
Convert 111110100010110 (base 2) to base 6.
404130
-3131300 (base 5) to base 4
-30231223
7ce (base 15) to base 2
11011101001
Convert -4113 (base 5) to base 2.
-1000010101
Convert -110111010111111 (base 2) to base 10.
-28351
What is 5223 (base 7) in base 13?
aaa
-236131 (base 7) to base 10
-42946
Convert -242352 (base 7) to base 2.
-1010110000111000
-1000100101 (base 2) to base 7
-1413
What is 4044 (base 5) in base 3?
201102
What is 1249 (base 15) in base 4?
330312
Convert 66489 (base 10) to base 16.
103b9
Convert -420141 (base 5) to base 7.
-55136
What is -1348 (base 9) in base 3?
-1101122
Convert -2977 (base 10) to base 14.
-1129
-32132 (base 4) to base 5
-12201
141055 (base 7) to base 10
26794
What is 2652 (base 8) in base 5?
21300
What is -122341 (base 6) in base 14?
-3dad
-72115 (base 8) to base 4
-13101031
What is -101110011111 (base 2) in base 3?
-11002012
What is 672 (base 8) in base 5?
3232
219a (base 12) to base 7
13561
7632 (base 9) to base 14
2094
What is -12110 (base 5) in base 7?
-2432
Convert 20543 (base 6) to base 10.
2799
Convert 15340 (base 7) to base 4.
1003003
What is 101101001110 (base 2) in base 5?
43034
Convert 687 (base 10) to base 4.
22233
Convert -36239 (base 11) to base 8.
-145741
Convert 27b47 (base 12) to base 2.
1101011110100111
653 (base 11) to base 6
3344
What is -10001110 (base 2) in base 12?
-ba
Convert -50 (base 6) to base 8.
-36
What is -7599 (base 12) in base 8?
-31205
Convert -10100001 (base 3) to base 15.
-ac1
Convert -2744 (base 8) to base 2.
-10111100100
5464 (base 7) to base 12
1171
What is -13d8 (base 14) in base 11?
-2712
3032 (base 6) to base 5
10133
What is -15160 (base 9) in base 7?
-42102
-101001110100010 (base 2) to base 3
-1002100222
Convert -341 (base 10) to base 8.
-525
-1414 (base 5) to base 8
-352
Convert -221211 (base 3) to base 7.
-2014
What is 126 (base 16) in base 10?
294
Convert -1293 (base 13) to base 2.
-101001011111
-621b (base 13) to base 15
-402e
What is 10011010010101 (base 2) in base 12?
5871
-470 (base 10) to base 2
-111010110
4112 (base 9) to base 4
233000
-747 (base 14) to base 2
-10110011011
130232 (base 4) to base 10
1838
Convert 1020101110 (base 3) to base 9.
36343
-1213203 (base 4) to base 2
-1100111100011
Convert -454401 (base 6) to base 11.
-26aa5
Convert -2641 (base 8) to base 16.
-5a1
-54 (base 16) to base 5
-314
Convert 63055 (base 7) to base 10.
15475
Convert 19d9 (base 16) to base 10.
6617
What is 4294 (base 10) in base 6?
31514
Convert 1252354 (base 6) to base 11.
48046
Convert -13 (base 7) to base 10.
-10
-20c (base 14) to base 10
-404
Convert 32001 (base 5) to base 4.
201032
Convert -20010110 (base 3) to base 2.
-1000101110011
Convert 104245 (base 6) to base 3.
102222202
What is -1202022 (base 4) in base 10?
-6282
What is -62052 (base 9) in base 4?
-21332213
What is -854 (base 12) in base 10?
-1216
What is -2033 (base 4) in base 15?
-98
What is 16661 (base 9) in base 6?
125044
-3313 (base 5) to base 6
-2042
What is 36704 (base 10) in base 6?
441532
What is -1412220 (base 5) in base 9?
-43768
-11010010000 (base 2) to base 14
-880
Convert 24157 (base 8) to base 2.
10100001101111
-1130 (base 6) to base 5
-2040
-b951 (base 13) to base 10
-25754
-15543 (base 8) to base 5
-21102